he tens digit of 481?
8
What is the thousands digit of 52080?
2
What is the units digit of 9798?
8
What is the units digit of 8969?
9
What is the tens digit of 79976?
7
What is the tens digit of 1770?
7
What is the units digit of 165?
5
What is the thousands digit of 9288?
9
What is the units digit of 2542?
2
What is the units digit of 14260?
0
What is the units digit of 13264?
4
What is the units digit of 2085?
5
What is the tens digit of 65721?
2
What is the tens digit of 1636?
3
What is the units digit of 4?
4
What is the units digit of 540?
0
What is the thousands digit of 2799?
2
What is the hundreds digit of 3876?
8
What is the tens digit of 13260?
6
What is the tens digit of 280?
8
What is the units digit of 4454?
4
What is the hundreds digit of 4923?
9
What is the units digit of 16945?
5
What is the units digit of 13229?
9
What is the units digit of 448?
8
What is the tens digit of 1990?
9
What is the tens digit of 651?
5
What is the units digit of 413?
3
What is the ten thousands digit of 43711?
4
What is the thousands digit of 184094?
4
What is the tens digit of 6016?
1
What is the tens digit of 1241?
4
What is the tens digit of 29808?
0
What is the tens digit of 147631?
3
What is the thousands digit of 20486?
0
What is the tens digit of 5329?
2
What is the ten thousands digit of 12222?
1
What is the units digit of 454?
4
What is the units digit of 1385?
5
What is the hundreds digit of 730?
7
What is the units digit of 1344?
4
What is the hundreds digit of 117?
1
What is the thousands digit of 1790?
1
What is the units digit of 990?
0
What is the units digit of 7459?
9
What is the units digit of 3014?
4
What is the hundreds digit of 6078?
0
What is the hundreds digit of 196978?
9
What is the thousands digit of 55059?
5
What is the units digit of 772?
2
What is the hundreds digit of 825?
8
What is the thousands digit of 16076?
6
What is the ten thousands digit of 11440?
1
What is the thousands digit of 1570?
1
What is the thousands digit of 10924?
0
What is the thousands digit of 4878?
4
What is the ten thousands digit of 79609?
7
What is the thousands digit of 5184?
5
What is the ten thousands digit of 125680?
2
What is the units digit of 6968?
8
What is the tens digit of 1272?
7
What is the hundreds digit of 929?
9
What is the units digit of 29282?
2
What is the units digit of 136?
6
What is the units digit of 13804?
4
What is the hundreds digit of 768?
7
What is the tens digit of 488?
8
What is the hundreds digit of 28393?
3
What is the units digit of 4340?
0
What is the hundreds digit of 525?
5
What is the hundreds digit of 717?
7
What is the hundreds digit of 2292?
2
What is the units digit of 5794?
4
What is the hundreds digit of 4688?
6
What is the hundreds digit of 83681?
6
What is the units digit of 4088?
8
What is the units digit of 754?
4
What is the hundreds digit of 168?
1
What is the hundreds digit of 763?
7
What is the tens digit of 553?
5
What is the hundreds digit of 32641?
6
What is the hundreds digit of 26410?
4
What is the hundreds digit of 469?
4
What is the tens digit of 10480?
8
What is the thousands digit of 100887?
0
What is the thousands digit of 83968?
3
What is the ten thousands digit of 22595?
2
What is the thousands digit of 28916?
8
What is the thousands digit of 20327?
0
What is the thousands digit of 2097?
2
What is the hundreds digit of 477?
4
What is the thousands digit of 2522?
2
What is the tens digit of 7678?
7
What is the units digit of 87?
7
What is the tens digit of 6799?
9
What is the thousands digit of 97483?
7
What is the units digit of 33?
3
What is the ten thousands digit of 24616?
2
What is the hundreds digit of 19419?
4
What is the thousands digit of 60743?
0
What is the hundreds digit of 12694?
6
What is the hundreds digit of 4341?
3
What is the hundreds digit of 410?
4
What is the units digit of 6868?
8
What is the tens digit of 3873?
7
What is the ten thousands digit of 19599?
1
What is the hundreds digit of 2982?
9
What is the hundreds digit of 115?
1
What is the tens digit of 3151?
5
What is the units digit of 13992?
2
What is the units digit of 1476?
6
What is the units digit of 3632?
2
What is the tens digit of 190?
9
What is the tens digit of 340?
4
What is the thousands digit of 9925?
9
What is the thousands digit of 3836?
3
What is the thousands digit of 9256?
9
What is the units digit of 7451?
1
What is the ten thousands digit of 20956?
2
What is the hundreds digit of 103?
1
What is the units digit of 4860?
0
What is the tens digit of 2459?
5
What is the tens digit of 37376?
7
What is the tens digit of 824?
2
What is the hundreds digit of 5582?
5
What is the hundreds digit of 27832?
8
What is the units digit of 949?
9
What is the tens digit of 1845?
4
What is the tens digit of 36764?
6
What is the thousands digit of 7287?
7
What is the tens digit of 1373?
7
What is the tens digit of 2393?
9
What is the units digit of 12974?
4
What is the hundreds digit of 2992?
9
What is the units digit of 5707?
7
What is the tens digit of 131?
3
What is the ten thousands digit of 17932?
1
What is the hundreds digit of 52221?
2
What is the tens digit of 799?
9
What is the tens digit of 23044?
4
What is the ten thousands digit of 28936?
2
What is the tens digit of 23177?
7
What is the units digit of 922?
2
What is the thousands digit of 1581?
1
What is the hundreds digit of 10750?
7
What is the units digit of 8966?
6
What is the hundreds digit of 1659?
6
What is the thousands digit of 1920?
1
What is the hundreds digit of 1995?
9
What is the thousands digit of 9314?
9
What is the units digit of 5082?
2
What is the thousands digit of 24442?
4
What is the thousands digit of 1179?
1
What is the hundreds digit of 6808?
8
What is the units digit of 279?
9
What is the hundreds digit of 2507?
5
What is the units digit of 16793?
3
What is the tens digit of 362?
6
What is the ten thousands digit of 92902?
9
What is the ten thousands digit of 20174?
2
What is the thousands digit of 3737?
3
What is the thousands digit of 158245?
8
What is the hundreds digit of 716?
7
What is the ten thousands digit of 21628?
2
What is the units digit of 2927?
7
What is the thousands digit of 8408?
8
What is the thousands digit of 4340?
4
What is the thousands digit of 18433?
8
What is the hundreds digit of 85211?
2
What is the hundreds digit of 2177?
1
What is the thousands digit of 20210?
0
What is the hundreds digit of 11342?
3
What is the units digit of 15112?
2
What is the hundreds digit of 2595?
5
What is the units digit of 973?
3
What is the tens digit of 4421?
2
What is the units digit of 384?
4
What is the tens digit of 1960?
6
What is the thousands digit of 3170?
3
What is the hundreds digit of 1925?
9
What is the tens digit of 4285?
8
What is the thousands digit of 1199?
1
What is the thousands digit of 2906?
2
What is the tens digit of 52?
5
What is the tens digit of 38219?
1
What is the hundreds digit of 10814?
8
What is the thousands digit of 34073?
4
What is the thousands digit of 3175?
3
What is the tens digit of 1857?
5
What is the units digit of 571?
1
What is the thousands digit of 76126?
6
What is the ten thousands digit of 83575?
8
What is the units digit of 4897?
7
What is the hundreds digit of 33300?
3
What is the units digit of 2343?
3
What is the hundreds digit of 3616?
6
What is the units digit of 3277?
7
What is the thousands digit of 18077?
8
What is the tens digit of 4690?
9
What is the units digit of 1191?
1
What is the units digit of 320?
0
What is the tens digit of 26419?
1
What is the units digit of 475?
5
What is the hundreds digit of 397?
3
What is the ten thousands digit of 24259?
2
What is the tens digit of 28121?
2
What is the ten thousands digit of 16182?
1
What is the thousands digit of 2283?
2
What is the hundreds digit of 1676?
6
What is the units digit of 81862?
2
What is the units digit of 14251?
1
What is the units digit of 154057?
7
What is the hundreds digit of 40851?
8
What is the units digit of 58655?
5
What is the tens digit of 21?
2
What is the tens digit of 9845?
4
What is the hundreds digit of 918?
9
What is the tens digit of 2941?
4
What is the tens digit of 64658?
5
What is the thousands digit of 6661?
6
What is the thousands digit of 1276?
1
What is the units dig